94992.
221
What is the remainder when 30106383 is divided by 5459?
5457
What is the remainder when 82540 is divided by 41229?
82
What is the remainder when 526172 is divided by 27681?
233
What is the remainder when 104017 is divided by 3668?
1313
Calculate the remainder when 1192799 is divided by 452.
423
What is the remainder when 6680142 is divided by 221?
196
Calculate the remainder when 109248 is divided by 17923.
1710
What is the remainder when 285623596 is divided by 8720?
8716
What is the remainder when 7910797 is divided by 44?
37
Calculate the remainder when 794514 is divided by 30.
24
What is the remainder when 5770809 is divided by 262?
259
What is the remainder when 83176 is divided by 7561?
5
Calculate the remainder when 19065771 is divided by 18747.
72
What is the remainder when 540792599 is divided by 40?
39
What is the remainder when 176711 is divided by 35?
31
Calculate the remainder when 39458 is divided by 4158.
2036
Calculate the remainder when 23514462 is divided by 1486.
1484
What is the remainder when 10245766 is divided by 3415251?
13
What is the remainder when 1219774 is divided by 28?
10
What is the remainder when 305340 is divided by 104?
100
What is the remainder when 14599659 is divided by 4462?
4457
What is the remainder when 581322 is divided by 581317?
5
Calculate the remainder when 85199724 is divided by 11858.
11852
Calculate the remainder when 2662284 is divided by 10.
4
Calculate the remainder when 8366342 is divided by 261.
248
What is the remainder when 71439 is divided by 69480?
1959
Calculate the remainder when 1447980 is divided by 1472.
1004
Calculate the remainder when 654731 is divided by 1548.
1475
Calculate the remainder when 1370605 is divided by 5686.
279
Calculate the remainder when 192903 is divided by 192896.
7
Calculate the remainder when 170691 is divided by 363.
81
What is the remainder when 67917364 is divided by 848967?
4
What is the remainder when 1937634 is divided by 129156?
294
Calculate the remainder when 160929 is divided by 11947.
5618
What is the remainder when 3394865 is divided by 386?
381
Calculate the remainder when 64825 is divided by 301.
110
Calculate the remainder when 33759064 is divided by 5626504.
40
What is the remainder when 373976 is divided by 19?
18
What is the remainder when 207215 is divided by 20663?
585
What is the remainder when 5987687 is divided by 112?
55
What is the remainder when 196997 is divided by 137?
128
What is the remainder when 12922314 is divided by 7309?
2
Calculate the remainder when 176210237 is divided by 4739.
0
Calculate the remainder when 162957 is divided by 4071.
117
What is the remainder when 110513 is divided by 2507?
205
Calculate the remainder when 84899 is divided by 2177.
2173
Calculate the remainder when 3209797 is divided by 106.
11
Calculate the remainder when 1959622 is divided by 1959431.
191
What is the remainder when 5173154 is divided by 3585?
3584
Calculate the remainder when 9729416 is divided by 3.
2
Calculate the remainder when 811645 is divided by 14757.
10
What is the remainder when 47037 is divided by 39570?
7467
Calculate the remainder when 4718464 is divided by 29126.
52
What is the remainder when 61660733 is divided by 270?
23
Calculate the remainder when 353365 is divided by 833.
173
Calculate the remainder when 98061 is divided by 4084.
45
Calculate the remainder when 9512 is divided by 1581.
26
Calculate the remainder when 188785003 is divided by 15.
13
Calculate the remainder when 50860 is divided by 1985.
1235
What is the remainder when 9707973 is divided by 4482?
4443
What is the remainder when 79802057 is divided by 13?
10
What is the remainder when 121015 is divided by 24007?
980
What is the remainder when 1172163 is divided by 940?
923
What is the remainder when 213250 is divided by 1161?
787
What is the remainder when 94359 is divided by 9422?
139
Calculate the remainder when 3485189 is divided by 327.
23
What is the remainder when 32982 is divided by 32934?
48
Calculate the remainder when 26744 is divided by 296.
104
Calculate the remainder when 10825703 is divided by 328051.
20
Calculate the remainder when 138416 is divided by 46089.
149
Calculate the remainder when 1094611 is divided by 80.
51
What is the remainder when 367193 is divided by 2052?
1937
Calculate the remainder when 1982 is divided by 6.
2
Calculate the remainder when 187911 is divided by 4.
3
Calculate the remainder when 14452176 is divided by 5514.
5496
Calculate the remainder when 75081 is divided by 162.
75
What is the remainder when 1526668 is divided by 866?
776
What is the remainder when 8592684 is divided by 781151?
23
What is the remainder when 24441 is divided by 21289?
3152
Calculate the remainder when 5603753689 is divided by 34.
33
What is the remainder when 2850557 is divided by 75014?
25
What is the remainder when 86903368 is divided by 23286?
16
Calculate the remainder when 786445 is divided by 98300.
45
Calculate the remainder when 7756316 is divided by 104.
100
What is the remainder when 598259 is divided by 1131?
1091
What is the remainder when 2922837 is divided by 69?
66
Calculate the remainder when 1493624 is divided by 71.
68
Calculate the remainder when 165911 is divided by 155891.
10020
Calculate the remainder when 52017893 is divided by 1479.
1463
What is the remainder when 185961659 is divided by 2454?
2447
Calculate the remainder when 58424564 is divided by 108.
20
What is the remainder when 21623 is divided by 1310?
663
What is the remainder when 21495324 is divided by 5373827?
16
What is the remainder when 514409 is divided by 257009?
391
Calculate the remainder when 6132466 is divided by 161.
137
Calculate the remainder when 773958 is divided by 4157.
756
What is the remainder when 2355089 is divided by 66?
11
What is the remainder when 27711198 is divided by 9713?
9
What is the remainder when 57520162 is divided by 337?
328
What is the remainder when 243365 is divided by 202?
157
What is the remainder when 1858943 is divided by 19?
2
Calculate the remainder when 857069 is divided by 1694.
1599
What is the remainder when 144605195 is divided by 6144?
11
What is the remainder when 1464103 is divided by 180?
163
What is the remainder when 15373049 is divided by 825?
824
What is the remainder when 523877 is divided by 52?
29
Calculate the remainder when 1121395 is divided by 142.
21
What is the remainder when 13977606 is divided by 279552?
6
What is the remainder when 1845341 is divided by 10367?
15
What is the remainder when 1711166 is divided by 855557?
52
What is the remainder when 26576 is divided by 1326?
56
What is the remainder when 133807 is divided by 7532?
5763
What is the remainder when 203499 is divided by 202531?
968
What is the remainder when 4209318 is divided by 254?
30
Calculate the remainder when 346703 is divided by 26651.
240
Calculate the remainder when 1759070 is divided by 97726.
2
What is the remainder when 766406 is divided by 3570?
2426
What is the remainder when 18387896 is divided by 83?
76
Calculate the remainder when 199783419 is divided by 918.
915
What is the remainder when 6577362 is divided by 476?
470
Calculate the remainder when 9225456 is divided by 475.
6
What is the remainder when 881362 is divided by 2168?
1154
What is the remainder when 621767 is divided by 7?
6
Calculate the remainder when 1427974 is divided by 23.
19
What is the remainder when 47577351 is divided by 30?
21
What is the remainder when 170826 is divided by 5175?
51
Calculate the remainder when 20063456 is divided by 108451.
21
What is the remainder when 23551 is divided by 4649?
306
What is the remainder when 10619 is divided by 5300?
19
Calculate the remainder when 217435 is divided by 108641.
153
What is the remainder when 1239874 is divided by 503?
482
What is the remainder when 5028871 is divided by 1676289?
4
Calculate the remainder when 34213 is divided by 8440.
453
What is the remainder when 44505 is divided by 139?
25
What is the remainder when 102003 is divided by 50867?
269
Calculate the remainder when 1200912 is divided by 3057.
2568
Calculate the remainder when 40168 is divided by 741.
154
What is the remainder when 77746180 is divided by 236?
228
Calculate the remainder when 356193 is d